ive of z**3/3 + 6*z**2 - 36*z - 1537. What are the prime factors of m(n)?
3
Let c(y) = 252*y**2 + 74*y + 284. What are the prime factors of c(-9)?
2, 5, 2003
Let n be (-3)/9 - (-36040)/102. Suppose 7*g - 3503 = -n. List the prime factors of g.
2, 3, 5
Suppose 7 = 2*u - 3. Let f(s) = -s + 4. Let p be f(u). What are the prime factors of (-130 + 1 + 2)*p?
127
Let r be (12/18)/(2/(-6)). List the prime factors of (34/(-85))/(r/10).
2
What are the prime factors of (-9600)/(-6000) + (-1 - (-67234)/10)?
2, 41
Let d(u) = 13*u + 133. Let v be d(-10). What are the prime factors of (-3*2/v)/(4/(-2022))?
3, 337
Suppose 6 = 8*p - 98. Suppose p*d - 10*d = 381. Suppose 0 = 3*m + d - 649. What are the prime factors of m?
2, 3, 29
Let t = -64 + 73. Let q(g) = 6*g**2 - 15*g - 19. List the prime factors of q(t).
2, 83
Let y(n) = -172 + 122 - 52*n - 36*n + 106. What are the prime factors of y(-9)?
2, 53
Suppose -2*h = -h + 4, 5*c = -h + 16. Suppose r - y = 3*r - 684, 0 = c*r - 4*y - 1368. List the prime factors of r.
2, 3, 19
Let s(q) = q**2 + q - 1. Let u(k) = 6*k**2 - 9*k + 1. Suppose 18*w - 4*w = 56. Let f(h) = w*s(h) + u(h). What are the prime factors of f(-3)?
2, 3, 17
Suppose -5*j + p = -368, 0 = -3*j - 2*p + 3*p + 220. Let h(x) = -x**3 + 13*x**2 + 17*x - 4. Let q be h(13). Let l = q - j. List the prime factors of l.
11, 13
Let x = -29009 + 50847. List the prime factors of x.
2, 61, 179
Suppose 0 = -11019*k + 11031*k - 127824. What are the prime factors of k?
2, 2663
Let b(f) = -64*f + 1747. What are the prime factors of b(-40)?
59, 73
Let l be ((-2)/3)/(2/3). What are the prime factors of (-2 + l + 2)/(16/(-4112))?
257
Suppose -4103 = -5*u - 3*h, 5*h - 7 + 2 = 0. Suppose -u - 72 = -2*g. List the prime factors of g.
2, 223
Let h(y) = y**3 + 12*y**2 - 8*y - 28. Let t(g) = -g**2 + 21*g - 11. Let m be t(21). List the prime factors of h(m).
181
Let l(z) = z**3 - 32*z**2 + 9*z - 47. List the prime factors of l(37).
3, 2377
Let z(v) = 17*v - 22. Suppose w - 5*j = -2*w + 37, -5*w + 4*j = -40. Let m be z(w). List the prime factors of m + 3 + 3 + -1.
3, 17
Let u = 41128 - 23968. List the prime factors of u.
2, 3, 5, 11, 13
Let v be 4601/6 - 1/(-6). Suppose 5*b + d - 1523 = 391, d + v = 2*b. What are the prime factors of b?
383
Suppose -5*s + 2*x = -1773 - 1561, -5*s - x = -3328. Suppose 24*h - 27*h = -s. What are the prime factors of h?
2, 3, 37
Suppose -p + 10*p = -189. Let i(v) = v**3 + 20*v**2 - 21*v + 8. Let j be i(p). Let t(r) = -r**3 + 12*r**2 - 12*r + 21. List the prime factors of t(j).
181
Suppose -491 = -d - 4*r - 0*r, 3*r - 1509 = -3*d. What are the prime factors of 2 - (d/(-3) - 5)?
2, 11
Suppose 0 = -17*c + 75384 - 13249. List the prime factors of c.
5, 17, 43
Suppose s - 8*k = 27781, 0 = -3*s + 3*k + 35117 + 48226. What are the prime factors of s?
13, 2137
Let u(l) = 35*l**3 + 5*l**2 + 3*l. Let d be u(4). Suppose 4*g = -5*x + d, g = -2*g - x + 1760. List the prime factors of g.
2, 3, 7
Let r = 1263 + -750. Suppose -r = -16*s + 15*s. List the prime factors of s.
3, 19
Let o = -63 - 11. Let s = -75 - o. List the prime factors of (0/(0 - -2))/s - -117.
3, 13
Let o(t) = 2*t**2 - 6*t - 3. Let v(m) = 2*m**2 - 40*m + 21. Let f be v(21). Let u = f + -57. What are the prime factors of o(u)?
3, 11
Suppose -1640 + 453 = -r + 553. What are the prime factors of r?
2, 3, 5, 29
Suppose -5*d + 10 = -4*n, -d + 2 = n - 0*n. Suppose 5*a - 5 - 55 = n. List the prime factors of 62 + (5 - a/3).
3, 7
Let l(j) = -3*j**2 + 2*j + 2. Let o be l(0). Suppose 5508 = 4*s - 4*f, 266 = -3*s - o*f + 4422. What are the prime factors of s?
2, 691
What are the prime factors of -950*(-37)/14 - 27/((-5292)/56)?
3, 31
Let p be ((-35)/(-15) - 2)/((-2)/12). List the prime factors of 8/p*(-10 + -148).
2, 79
Let o(p) = 591*p**2 + 35*p - 89. Let j(q) = -296*q**2 - 19*q + 45. Let d(k) = -5*j(k) - 2*o(k). List the prime factors of d(2).
5, 239
Let k(t) = -39*t**3 - 24*t**2 - 65*t + 57. What are the prime factors of k(-8)?
19009
Suppose -h + 4*h - 11639 = 11248. List the prime factors of h.
3, 2543
Let m = 2449 - 1014. Suppose -3631 = -6*c - m. List the prime factors of c.
2, 3, 61
Let k = -11 + 3. Let q be ((-57)/4)/((-12)/k)*-2. Suppose q*c - 15*c = 292. List the prime factors of c.
73
Let i(d) = 11*d + 30. Let v be i(-4). Let k(j) = -j**3 - 11*j**2 + 11*j + 26. What are the prime factors of k(v)?
2, 5, 23
Let s(y) = 7*y**2 - 64*y - 5. Let f(k) = 5*k**2 - 63*k - 6. Let i(g) = 4*f(g) - 3*s(g). What are the prime factors of i(-51)?
2, 3, 5
Suppose 7*d = -3745 + 12117. Suppose 5*r - d - 724 = 0. List the prime factors of r.
2, 3
Let x be (5/40)/((-2)/(-48)). Suppose f - 231 - 563 = -x*p, 5*f + 4*p - 3937 = 0. What are the prime factors of f?
5, 157
Let t = -135716 - -190242. List the prime factors of t.
2, 137, 199
List the prime factors of (-6485)/(-15)*51 - -6.
5, 11, 401
Let i = -2255 + 15636. List the prime factors of i.
13381
Let b = 3 + -1. List the prime factors of -2 + 7 + -2 + 1162/b.
2, 73
Let l = 408 + -381. What are the prime factors of (-762)/((-12)/(-9)*l/(-18))?
3, 127
Let p be ((-24)/(-30))/((-2)/(-25)). Suppose -8*h - p = -162. Suppose 20*b - 74 = h*b. What are the prime factors of b?
2, 37
Let d be (14 + -20)*(-3)/6. What are the prime factors of (2769/52)/(d/16)?
2, 71
Let k = 5545 - -1864. List the prime factors of k.
31, 239
Suppose 0 = -4*q - 2*s + 46584, 6583 - 41515 = -3*q - 3*s. List the prime factors of q.
2, 7, 13
Suppose -o + 3006 = -6*s, 6905 = 5*o + 4*s - 7887. List the prime factors of o.
2, 3, 13, 19
Suppose 212*m - 1236745 = 2709423. List the prime factors of m.
2, 41, 227
What are the prime factors of (-45)/(-15) + (-7 - -2) - -9124?
2, 4561
Suppose 0 = 6*h - h - 15. Suppose -h*b = 196 - 1363. What are the prime factors of b?
389
Let d = 18 + -13. Suppose -d*i + 6 = -4. Suppose -5*m = -3*t + 50, 3*m + 40 = i*t + m. List the prime factors of t.
5
Suppose 0 = -3*w + 3*x + 95766, 17*x + 63841 = 2*w + 16*x. What are the prime factors of w?
59, 541
Let l be (9/(-5))/(21/(-35)). Suppose -192 = -2*q - 5*d + d, 274 = l*q - d. What are the prime factors of q?
2, 23
Let b(q) = 2*q**2 - 3*q + 6. Let g(t) = t + 19. Let i be g(-9). Let a be b(i). Suppose 2*f - 174 = a. List the prime factors of f.
5, 7
Suppose 20*q - 36*q = 20*q - 2565504. List the prime factors of q.
2, 17, 131
List the prime factors of ((-51980)/40)/(2/6 + (-126)/216).
2, 23, 113
Let v(c) = -c**3 + c**2 - 7*c + 1532. Suppose -6*m - 2*m = 4*m. List the prime factors of v(m).
2, 383
Suppose 4*z = -5*a + 4041 + 25794, 4*a = 5*z + 23827. List the prime factors of a.
67, 89
Let p = 10 + -16. Suppose 4*i + 2*n + 102 = 0, 17*i + 4*n = 12*i - 132. List the prime factors of (8/p*1)/(i/2376).
2, 3, 11
Suppose -31 = 5*h - 61. Suppose -h*k + 1139 = -385. List the prime factors of k.
2, 127
Suppose -44 - 20 = -16*u. Suppose -10 = -b + h, -u*b = 2*h - 0*h - 10. Suppose b*j = -2*t - 230 + 1245, -3*j + 608 = t. What are the prime factors of j?
3, 67
Let f(y) = -y**3 + 13*y**2 - 3*y - 28. Let q be f(12). Suppose -84*g + 280 = -q*g. What are the prime factors of g?
2, 5, 7
Let g(k) = -10*k**2 + 47*k - 64*k - 4 - 5*k**2 - k**3 + 11 + 0*k**2. List the prime factors of g(-16).
5, 107
Let y be (-4 - 1)/((-45)/54). Suppose 0 = -4*z - y*z + 7200. Suppose -12*o + 3*o = -z. List the prime factors of o.
2, 5
Let t be (-1)/(1/(-12)*1) - 4. Suppose -6 = -u - t. List the prime factors of (-19 - -2 - (-3 - u))*-4.
2
Suppose -5*k + 9*q - 4*q + 156680 = 0, 6*q = q. List the prime factors of k.
2, 3917
Let x(w) = -w**3 + 29*w**2 + 39*w - 106. Suppose 102 = -0*k + 3*k + 5*v, 4*k - v - 113 = 0. List the prime factors of x(k).
5, 41
Let g be ((-905)/(-10))/(2/4). Let r = -54 + g. Let x = 60 + r. What are the prime factors of x?
11, 17
Let w be (-16)/24 + 15/18*2. Let t = -14 + 2. What are the prime factors of 59 - t - (w + -1)?
71
Let r(j) = 108*j - 5 - 4*j + 17*j. Suppose -4*m + 48*w + 24 = 52*w, -2*m - 23 = -5*w. List the prime factors of r(m).
2, 29
Suppose 0*u + 45*u - 125955 = 0. Suppose u + 1359 = 3*v. What are the prime factors of v?
2, 3, 7, 11
Suppose -143*z = -5*r - 148*z + 248135, 5*r + 4*z = 248137. What are the prime factors of r?
3, 71, 233
Let k(h) = 12*h - 13. Let f be k(2). Let x(s) = -s**3 + 12*s**2 - 3*s + 8. Let a be x(f). L